07 prime?
True
Is 304631 composite?
False
Is 22433 composite?
False
Is 1801729 composite?
True
Is 177209 prime?
True
Is 10441 a composite number?
True
Is 986393 prime?
False
Is 514 a composite number?
True
Is 5129 prime?
False
Is 6385 a prime number?
False
Is 131027 composite?
True
Is 11959 a prime number?
True
Is 257249 prime?
True
Is 7447 prime?
False
Is 6006757 a composite number?
False
Is 349171 a composite number?
False
Is 227627 prime?
True
Is 11337 a composite number?
True
Is 44017 a prime number?
True
Is 4609 a composite number?
True
Is 67478 a prime number?
False
Is 563 a prime number?
True
Is 111721 a composite number?
False
Is 181499 a prime number?
True
Is 1298139 composite?
True
Is 20663 a prime number?
True
Is 99607 prime?
True
Is 53 a prime number?
True
Is 75134 a prime number?
False
Is 11197 prime?
True
Is 19361 prime?
False
Is 5839 a composite number?
False
Is 20047 composite?
False
Is 13961 a composite number?
True
Is 1383241 prime?
False
Is 1449509 a composite number?
False
Is 604645 a composite number?
True
Is 541243 composite?
True
Is 24595 prime?
False
Is 357619 composite?
False
Is 112799 prime?
True
Is 156235 a prime number?
False
Is 11963 composite?
True
Is 143 a prime number?
False
Is 16567 composite?
False
Is 472441 a composite number?
True
Is 566671 prime?
False
Is 10643 composite?
True
Is 52243 a composite number?
True
Is 71471 composite?
False
Is 668347 prime?
True
Is 24587 composite?
True
Is 21961 prime?
True
Is 3799 a composite number?
True
Is 62313 a prime number?
False
Is 3335351 composite?
False
Is 217307 a prime number?
True
Is 7789 prime?
True
Is 1037741 prime?
True
Is 53773 composite?
False
Is 14867 a composite number?
False
Is 18503 composite?
False
Is 36863 prime?
False
Is 347 composite?
False
Is 142651 composite?
True
Is 25001 composite?
True
Is 673 a composite number?
False
Is 14633 composite?
False
Is 17291 prime?
True
Is 174839 prime?
False
Is 283469 a composite number?
True
Is 323633 a composite number?
True
Is 5981 a prime number?
True
Is 66647 a composite number?
True
Is 10559 composite?
False
Is 4073 prime?
True
Is 29553 prime?
False
Is 1061 composite?
False
Is 449 a composite number?
False
Is 133297 a prime number?
False
Is 117853 a composite number?
True
Is 9169 a prime number?
False
Is 5979 prime?
False
Is 3299 composite?
False
Is 116989 a composite number?
False
Is 1189 prime?
False
Is 29221 composite?
False
Is 27257 composite?
True
Is 177439 a prime number?
False
Is 71059 a prime number?
True
Is 1759 composite?
False
Is 484691 prime?
True
Is 176677 a composite number?
False
Is 1168351 a composite number?
False
Is 128923 a composite number?
False
Is 562 a composite number?
True
Is 3259 composite?
False
Is 420493 prime?
False
Is 17863 composite?
False
Is 71879 composite?
False
Is 9547 prime?
True
Is 6697 a composite number?
True
Is 4619 a composite number?
True
Is 20789 composite?
False
Is 15653 prime?
False
Is 1222219 a composite number?
False
Is 522149 a prime number?
False
Is 461297 a composite number?
False
Is 14891 prime?
True
Is 211561 prime?
False
Is 168391 composite?
False
Is 293 composite?
False
Is 8081 a composite number?
False
Is 1687 prime?
False
Is 125306 prime?
False
Is 31981 a composite number?
False
Is 388211 a composite number?
False
Is 155462 a prime number?
False
Is 24749 composite?
False
Is 1279 prime?
True
Is 217111 composite?
False
Is 8999 a composite number?
False
Is 357401 a composite number?
True
Is 36317 a composite number?
True
Is 1804735 prime?
False
Is 33209 composite?
True
Is 20639 composite?
False
Is 45481 a prime number?
True
Is 267557 a composite number?
False
Is 15683 a prime number?
True
Is 503 prime?
True
Is 4049 prime?
True
Is 9998 prime?
False
Is 46021 a prime number?
True
Is 179261 composite?
False
Is 25613 a composite number?
True
Is 6803 a composite number?
False
Is 88943 a composite number?
True
Is 48605 a composite number?
True
Is 111913 composite?
False
Is 46983 a composite number?
True
Is 108089 a prime number?
True
Is 579 composite?
True
Is 21133 prime?
False
Is 28789 composite?
False
Is 30089 prime?
True
Is 232727 a prime number?
False
Is 3801443 a composite number?
False
Is 138257 prime?
False
Is 86783 a composite number?
False
Is 25067 a prime number?
False
Is 299771 a composite number?
False
Is 12977 a composite number?
True
Is 23603 a prime number?
True
Is 32161 a composite number?
True
Is 26627 composite?
False
Is 2595371 composite?
True
Is 859018 composite?
True
Is 767 prime?
False
Is 35233 a composite number?
True
Is 115589 a composite number?
False
Is 159779 prime?
True
Is 1559 prime?
True
Is 2579 prime?
True
Is 72793 a composite number?
True
Is 32493 a composite number?
True
Is 202718 a composite number?
True
Is 6943 prime?
False
Is 5489 a prime number?
False
Is 12439 prime?
False
Is 787 prime?
True
Is 471403 composite?
False
Is 200206 a prime number?
False
Is 23399 prime?
True
Is 47881 a composite number?
False
Is 35193 a composite number?
True
Is 34586 prime?
False
Is 121955 composite?
True
Is 8147 a composite number?
False
Is 82893 a composite number?
True
Is 11359 a composite number?
True
Is 941197 composite?
True
Is 172933 composite?
False
Is 48353 a prime number?
True
Is 2477 composite?
False
Is 6383 a prime number?
False
Is 1155527 a composite number?
False
Is 92737 a composite number?
False
Is 4009 a composite number?
True
Is 141061 composite?
False
Is 3643 composite?
False
Is 557 prime?
True
Is 412987 composite?
False
Is 18013 prime?
True
Is 194057 a composite number?
False
Is 1193963 composite?
False
Is 7313 composite?
True
Is 7393 prime?
True
Is 231529 a prime number?
True
Is 100066 composite?
True
Is 58709 a prime number?
False
Is 8161 a composite number?
False
Is 113759 a prime number?
True
Is 4420915 a prime number?
False
Is 80039 composite?
False
Is 124129 a prime number?
False
Is 98557 a prime number?
False
Is 13811 a composite number?
True
Is 19579 a composite number?
True
Is 83639 a composite number?
False
Is 269987 composite?
False
Is 253993 composite?
False
Is 60589 a composite number?
False
Is 686911 a composite number?
False
Is 163937 a composite number?
True
Is 23929 composite?
False
Is 7853 a prime number?
True
Is 25153 a composite number?
False
Is 65 a prime number?
False
Is 3263 a composite number?
True
Is 86323 a composite number?
False
Is 62242 prime?
False
Is 2413 a composite number?
True
Is 15233 composite?
False
Is 13567 a composite number?
False
Is 21001 prime?
True
Is 67289 prime?
True
Is 1360171 a composite number?
False
Is 37337 prime?
True
Is 275489 a prime number?
True
Is 179021 a composite number?
False
Is 64563 a prime number?
False
Is 12293 composite?
True
Is 383 a prime number?
True
Is 301685 a prime number?
False
Is 725291 a composite number?
True
Is 150433 a composite number?
True
Is 38501 a prime number?
True
Is 16619 prime?
True
Is 2749 prime?
True
Is 4741 a prime number?
False
Is 62189 prime?
True
Is 43883 a prime number?
False
Is 639533 a prime number?
True
Is 129391 composite?
True
Is 117557 composite?
True
Is 694 a prime number?
False
Is 12793 composite?
True
Is 1059469 a composite number?
True
Is 1081 prime?
False
Is 7669 composite?
False
Is 1440305 a composite number?
True
Is 95519 prime?
False
Is 56237 prime?
True
Is 329 a composite number?
True
Is 54683 a prime number?
False
Is 7362523 a prime number?
False
Is 1381 composite?
False
Is 1947559 prime?
False
Is 2750135 composite?
True
Is 47459 composite?
False
Is 1810805 prime?
False
Is 138783 prime?
False
Is 453847 prime?
True
Is 38497 a composite number?
True
Is 84857 a composite number?
False
Is 9923 a composite number?
False
Is 175979 composite?
False
Is 154149 prime?
False
Is 9649 composite?
False
Is 1622941 prime?
False
Is 4645 a prime number?
False
Is 124391 composite?
True
Is 161849 a prime number?
False
Is 100693 composite?
False
Is 13283 a prime number?
False
Is 22301 composite?
True
Is 791753 prime?
False
Is 1180073 prime?
True
Is 83711 composite?
True
Is 34859 a prime number?
False
Is 4323065 prime?
False
Is 611857 composite?
True
Is 128179 a prime number?
False
Is 137121 a prime number?
False
Is 334247 a composite number?
False
Is 32251 prime?
True
Is 11483 a composite number?
False
Is 430769 a prime number?
True
Is 6245 p